 be the third derivative of p**5/30 + p**4/3 - p**3/2 + p**2 + 50*p + 147. What is y(q)?
7
Let r(m) be the second derivative of m**3/6 + m**2 - 2*m + 395. Let y be (3 - 7)*3/4. Give r(y).
-1
Let v(l) = -3*l**3 - 2*l**2 - l + 1. Let z be v(-1). Suppose 13 = -2*b - z. Let o be ((-21)/12)/(2/b). Let u(p) = -p**3 + 7*p**2 - 2*p + 6. Calculate u(o).
-8
Let f(k) be the second derivative of 5/2*k**2 - 1/6*k**3 + 146*k + 0. Give f(-5).
10
Suppose 2 + 19 = 53*z + 127. Suppose -2 = 4*c - 6. Let m be (z - -1)/(((-2)/(-2))/c). Let g(i) = 5*i + 1. Give g(m).
-4
Let i(s) = 231 - 18 - 103 - 2*s**2 + s**2 - 102 + 8*s. Suppose 3 = -z, 5*f + z - 6*z - 60 = 0. Give i(f).
-1
Let t(x) = -622 + 213 + 2*x**2 + 5*x - x**2 + 202 + 214. Let q = -1 + -2. Give t(q).
1
Let j = -6 + 9. Let r = -7 + j. Let f(u) be the first derivative of u**2/2 - 3*u - 9951. Determine f(r).
-7
Let v(r) = 16*r**2 - 117*r - 14. Let g(q) = -14*q**2 + 111*q + 15. Let l(t) = -9*g(t) - 8*v(t). Give l(-31).
8
Let f(z) = 8*z**2 + 11*z + 8. Let g be f(0). Let q(p) = -p**2 + 3*p - 8. Calculate q(g).
-48
Let x(i) = -i - 4. Let f be x(-11). Let k(t) be the third derivative of t**6/120 - 7*t**5/60 + t**4/12 - 7*t**3/6 + 224*t**2. What is k(f)?
7
Let m(k) = -k**3 + 21*k**2 - 17*k - 22. Suppose 2*t - 15*t = -260. Let c be m(t). Suppose 3 = c*o - 35*o. Let q(w) = 22*w**3 - 2*w**2 + w. Calculate q(o).
21
Let a(k) = -8*k**2 - k - 31. Suppose -3*i + 5*i + 2*g = 0, 8 = 4*g. Let q(j) = -3*j**2 - j - 15. Let c(f) = i*a(f) + 5*q(f). Give c(6).
5
Suppose 21*g - 6*g = 0. Let x be (-2 - g)/((-10)/60*-6). Let q(a) = 10*a + 4. Give q(x).
-16
Let c(f) = -f**3 - f**2 + 5*f + 12. Let x(o) = -2*o**3 + 9*o + 10. Let u(p) = 3*c(p) - 2*x(p). Determine u(5).
51
Let k(j) = 279*j**2 - 2. Let b(q) = 1535*q**2 + 2*q - 10. Let p(r) = 2*b(r) - 11*k(r). Let a = -10 + 7. Give p(a).
-1
Suppose w = -4*l - l, 36 = -5*w + 11*l. Let f(q) = q**2 + 3*q - 13. Give f(w).
-3
Let f(i) = 2*i**2 + 6 - 21 - 3*i**2 + 12 + i. Let j(a) = -a**3 + 3*a**2 - 3*a + 24. Let q(n) = 6*f(n) + j(n). What is q(-3)?
-3
Let n(g) = -3*g**2 - 15*g + 5. Let j(o) = o**3 - 12*o**2 + 31*o + 23. Let s be j(7). Give n(s).
5
Let s(u) = 142*u - 20. Let t(i) = 47*i. Let q(p) = s(p) - 3*t(p). Determine q(7).
-13
Let l(m) = m**2 - 63*m + 358. Let t be l(6). Let x(b) = 7*b - 126. Calculate x(t).
-14
Let l be (-16)/24 + (-10)/9*12. Let i(n) = -n**2 - 13*n + 18. Calculate i(l).
4
Suppose -18*q = -7*q - 11. Let l(a) = -q - a**2 - 11 - 3 + 0*a**2 + 9*a. Determine l(7).
-1
Let d(l) = -141*l - 513. Let h(s) = -19*s - 73. Let t(w) = 2*d(w) - 15*h(w). Calculate t(-24).
-3
Let p = -16829 + 16824. Let c(m) = -6*m - 19. Calculate c(p).
11
Let i(j) = -j**3 + j - 1. Let c be 7/(-6) + 1 + 19/6. Suppose -c*p + 8 + 10 = 0. Let d(h) = -7*h**3 + 7*h**2 + 5*h. Let f(z) = p*i(z) - d(z). Calculate f(7).
1
Let g(l) = -2*l**3 - l**2 + 1. Let f(o) = 11*o**3 + 5*o**2 - 3*o - 9. Let b(y) = f(y) + 5*g(y). Let a = 366 + -363. Calculate b(a).
14
Let t(k) be the third derivative of -k**7/2520 - k**6/180 + 17*k**4/12 + 42*k**2. Let o(x) be the second derivative of t(x). Give o(-4).
0
Let x be (3 + (-4 - -2))*3. Suppose 5*k - x*k = -2. Let i(w) = -7*w**2 + 7*w - 7. Let s(j) = -6*j**2 + 4*j - 5. Let p(v) = -2*i(v) + 3*s(v). Calculate p(k).
-3
Let g(t) = 3*t**3 - t**2 - 9*t + 141. Let x(d) = -d**3 + 4*d - 63. Let s(p) = -4*g(p) - 9*x(p). Give s(2).
-5
Let s(p) = -p**3 - 5*p**2 + 6*p - 2. Let d(g) = -g**2 + 3*g + 453. Let l be d(23). Calculate s(l).
54
Let q(b) = -3*b - 39. Suppose 5232*n - 5231*n + 12 = 0. Calculate q(n).
-3
Let k(u) = -155 - 295 - u + 480. Give k(17).
13
Let a(i) = -14*i**2 - 84*i - 18. Let o(s) = -7*s**2 - 42*s - 10. Let g(w) = -6*a(w) + 11*o(w). Let z be g(-6). Let h(r) = -3*r - 1. Give h(z).
5
Let j(r) be the first derivative of 6*r + 80 - 2*r**2 - 1/3*r**3. Let y(p) = -5*p - 1. Let l be y(1). Calculate j(l).
-6
Let h(s) = s**3 - 4*s**2 + s - 1. Let t(c) = c**3 + c + 1. Let r(z) = -h(z) + 2*t(z). Suppose 0 = 824*l - 1021*l - 125 - 663. Determine r(l).
-1
Suppose 40 = 4*h - 3*a, 3*h = 7*a - 10*a + 51. Let n(y) = 3*y + 7. Calculate n(h).
46
Suppose 27*k - 23*k - 3 = i, 2*i + 5*k = 7. Let g(h) = -2*h - 3 + i - 3 + 2 - 10. Determine g(-8).
3
Let o(c) = 0 - 3*c - 1 + 13*c. Let i(r) = 41*r + 1 - 2 - 172*r + 142*r. Let d(p) = 4*i(p) - 5*o(p). Calculate d(-2).
13
Let m(d) be the third derivative of -31*d**4/24 + 3*d**3 - 933*d**2. Calculate m(1).
-13
Let j be (-423)/(-30) + 4/(-40). Let l(s) = 4*s + 10. Calculate l(j).
66
Let i(b) = -b**2 + 2*b + 3. Let j be 4 - (-2 - -2 - 1*(-14)/2). Give i(j).
-12
Let g(o) = 2*o - 8. Let l = -488 + 500. Let q be 4/3*l - (15 + -10). Determine g(q).
14
Let g(q) = -14*q**3 - 10*q**2 + 3*q + 16. Let l(r) = -15*r**3 - 12*r**2 + 4*r + 20. Let w(o) = -5*g(o) + 4*l(o). Give w(-1).
-9
Let q(z) = 18*z**2 + 12*z - 1. Let j(d) = -17*d**2 - 9*d + 1. Let b(f) = -4*j(f) - 3*q(f). Let c be 4/(-12) + (-50)/3. Let g = 16 + c. Give b(g).
13
Let x(c) = -55*c + 21. Let l(w) = 19*w - 8. Suppose 7*k - 5*k = 4, -h = 2*k - 15. Let b(m) = h*l(m) + 4*x(m). Calculate b(-1).
7
Suppose 0 = -4*a - 3*b + 6 - 7, 0 = -4*a + 3*b + 17. Let f(g) = 114 - 14*g**2 + g**3 + g**a - g - 110. Give f(13).
-9
Let o(q) = 22*q**2 - 81*q - 25. Let m(v) = -6*v**2 + 19*v + 6. Let g(p) = -17*m(p) - 4*o(p). Give g(1).
13
Let h = -14 - -22. Let y be (0/3)/(h - 7). Suppose -2*q + 3*q - 6 = y. Let d(u) = u**3 - 7*u**2 + 8*u. What is d(q)?
12
Let p(i) = -3*i + 1. Let m be 1 + -2 - (2 - 1). Let l(s) = 4*s. Let a(c) = m*l(c) - 3*p(c). Calculate a(-6).
-9
Let x(y) = -y + 12. Let v be x(0). Let p = 1 - v. Let i(q) be the third derivative of q**5/60 + 5*q**4/12 - 5*q**3/6 + 20016*q**2. Determine i(p).
6
Let h be -9 - -9 - (1 - 4) - 5. Let r(u) = 27*u**2 + 2. Give r(h).
110
Let b(o) = -o**2 - 12*o - 2. Let l be (-20)/(-6) + -3 + (-1)/((-15)/(-200)). What is b(l)?
-15
Let g(v) = v**3 - 8*v**2 - 9*v - 6. Let f = -11470 + 11479. Give g(f).
-6
Let q(m) = 3*m**3 - 41*m**2 - 32*m + 57. Let t(g) = -g**3 + 14*g**2 + 10*g - 19. Let j(a) = 6*q(a) + 17*t(a). What is j(10)?
-1
Let l be (-435)/(-10)*(-2)/(-9) + (-1775)/1065. Let d(s) = s**3 - 7*s**2 - 22*s + 18. Calculate d(l).
-94
Suppose 0 = -4*d - 2*s + 68, 0*d + 5*s = -4*d + 56. Let j(u) = d*u - 8*u + 0*u - 7*u**2 - 3. Let i(h) = -h**2 + h - 1. Let q(t) = 6*i(t) - j(t). Calculate q(4).
-7
Let j(f) = f**3 + 15*f**2 - 19*f - 53. Let n be j(-16). Let x(p) = p**2 + 8*p + 13. Let l be x(n). Let c(k) = 5*k + 7. Calculate c(l).
-3
Suppose 0 = 3*t - 3*b - 60, 3*b = 2*t - 8 - 32. Let l(d) = -t*d**2 + 6*d**2 + 15*d**2 + 0*d + 1 + 8*d. What is l(-5)?
-14
Suppose 15*u = -4*u + 114. Let l(w) = 0 + 0 - 10 + 7*w - u - 19. Determine l(5).
0
Suppose l + 9 = 3*c, 0 = c + 2*c + l - 9. Let g(d) = 140*d + c + 1 - 131*d + d**2. What is g(-6)?
-14
Let n(g) = 5*g**3 - 61*g**2 + 69*g + 43. Let z(b) = 4*b**3 - 59*b**2 + 66*b + 44. Let x(m) = -5*n(m) + 6*z(m). Determine x(-50).
-1
Let j(k) = -k**2 - 5*k + 3. Suppose -5*m = 3*a + 31, -484*a + 486*a - 4*m = -6. Give j(a).
-11
Let s(o) = 148852 - 148857 - 2*o**2 - 7*o - 17*o. Give s(-12).
-5
Let l(n) = -n**2 - 13*n - 9. Let y be l(-12). Let q = 19 + y. Suppose 8*s = -3*s - q. Let t(u) = -5*u + 1. Determine t(s).
11
Let k be (8 + 87/(-12))/((-99)/(-16) + -6). Let o(b) = -b**3 + 17*b - 31. Calculate o(k).
-27
Suppose -14641 = -9*a + 3665. Let d(f) = 0 + 0 - 2046*f + a*f - 1. Calculate d(-1).
11
Let k(u) = 3*u + 82. Let r(c) = 8*c + 164. Let a(i) = 11*k(i) - 6*r(i). What is a(-5)?
-7
Let h(n) = 7 - 6*n**2 - 2*n**3 - 16*n + 3*n**3 + 21*n. Let b(y) = -10*y + 94. Let m be b(9). Suppose 3*p - m*p + 5 = 0. Give h(p).
7
Let o(l) be the second derivative of l**5/20 + 11*l**4/12 + 3*l**3/2 - 6*l**2 + 14*l + 2. Let a be o(-10). Let u(h) = -h**3 - 3*h**2 + h - 2. Give u(a).
-8
Let a(k) = -45*k**2 + 258*k - 6. Let c(g) = 16*g**2 - 91*g + 2. Let s(f) = -6*a(f) - 17*c(f). Suppose -2*y - 2 = 2. Calculate s(y).
-4
Suppose 0 = 56*y - 53*y - 4*u - 36, y - 10 = u. Let s(j) = j**2 - 2*j. Calculate s(y).
8
Let s(z) = -z**2 - 18*z + 8. Let g(k) = -16*k**2 + 53*k + 50. Let p be g(-1). Give s(p).
-11
Let n(b) be the second derivative of -b**5/120 + b**4/8 + 80*b**3/3 + 2*b + 183. Let u(p) be the second derivative of n(p). Calculate u(4).
-1
Let a = -130461 + 130468. Let d(c) = c + 7